716009 a prime number?
False
Is 129796577 a composite number?
False
Is 162463333 prime?
True
Is 360232243 composite?
True
Is 3109607 prime?
True
Is 11580271 composite?
False
Is 1269461 prime?
True
Is 59727257 composite?
False
Is 3780439 a composite number?
True
Is 2487259 composite?
False
Is 1776169 a composite number?
False
Is 5199461 a prime number?
True
Is 174901123 composite?
False
Is 17867341 a composite number?
False
Is 83577563 a prime number?
False
Is 68211991 a prime number?
False
Is 235273 prime?
True
Is 12660569 a prime number?
True
Is 3111266 composite?
True
Is 4250413 prime?
False
Is 5629969 composite?
True
Is 24921401 a prime number?
True
Is 235628867 a prime number?
True
Is 26963045 a composite number?
True
Is 3385573 composite?
False
Is 22215091 composite?
False
Is 20681813 a prime number?
True
Is 40984849 prime?
True
Is 15377683 prime?
False
Is 57696641 composite?
True
Is 5533721 a composite number?
True
Is 346543 prime?
True
Is 6154861 prime?
False
Is 5913797 composite?
False
Is 4830481 a prime number?
True
Is 5946967 prime?
False
Is 9010139 composite?
False
Is 16111241 a prime number?
True
Is 215179 prime?
True
Is 33695378 a composite number?
True
Is 822972695 prime?
False
Is 27597127 composite?
False
Is 75136049 a prime number?
True
Is 119118971 composite?
False
Is 13010383 a composite number?
True
Is 22781219 a composite number?
True
Is 1039139 composite?
False
Is 218646421 composite?
True
Is 57940079 composite?
False
Is 16597099 prime?
False
Is 194051359 prime?
True
Is 238789781 prime?
False
Is 1513031 composite?
True
Is 31941047 prime?
True
Is 147200243 a composite number?
False
Is 9378749 a composite number?
False
Is 118739773 composite?
False
Is 1314003 a composite number?
True
Is 219537313 prime?
False
Is 3586843 prime?
False
Is 5207117 composite?
True
Is 165594829 a composite number?
True
Is 7206571 composite?
True
Is 645111673 composite?
True
Is 69103297 a prime number?
True
Is 9822899 a prime number?
False
Is 442069997 prime?
False
Is 193572151 a prime number?
True
Is 5763229 a prime number?
True
Is 90765809 a prime number?
True
Is 233717 a composite number?
True
Is 33404647 prime?
False
Is 18796619 a composite number?
False
Is 237768943 prime?
True
Is 9920177 composite?
False
Is 144655477 a composite number?
True
Is 52061647 composite?
True
Is 997911827 a prime number?
False
Is 521235434 a prime number?
False
Is 14480351 a prime number?
True
Is 31969741 a composite number?
True
Is 2910335 a prime number?
False
Is 6144349 composite?
False
Is 11236613 prime?
False
Is 175090117 composite?
True
Is 76112381 a prime number?
True
Is 214815949 a composite number?
False
Is 10575399 a prime number?
False
Is 422 a composite number?
True
Is 10179677 a prime number?
True
Is 350569 a prime number?
False
Is 129433061 prime?
False
Is 1348029457 composite?
False
Is 26510221 composite?
False
Is 3208147 a prime number?
False
Is 3608777 prime?
False
Is 4537541 composite?
False
Is 108922031 composite?
True
Is 50433 prime?
False
Is 74528317 a prime number?
False
Is 36105427 a prime number?
True
Is 20182417 composite?
True
Is 9130339 prime?
True
Is 34021087 composite?
False
Is 10047603 a prime number?
False
Is 6068393 prime?
True
Is 8034259 composite?
True
Is 11770197 a prime number?
False
Is 22297001 a prime number?
True
Is 1913309 a prime number?
False
Is 978917 composite?
False
Is 21545999 a composite number?
True
Is 2226721 prime?
False
Is 155826593 composite?
True
Is 17340077 composite?
True
Is 727884823 a prime number?
True
Is 1236091 a prime number?
False
Is 26401039 prime?
False
Is 28493911 a composite number?
False
Is 2316203 a composite number?
False
Is 10914311 a prime number?
True
Is 127757131 composite?
False
Is 101718157 a composite number?
True
Is 456639167 prime?
True
Is 61334839 prime?
True
Is 23414891 composite?
False
Is 1783474345 a composite number?
True
Is 812627 a composite number?
False
Is 7750433 prime?
True
Is 6275023 a prime number?
False
Is 1727903 a composite number?
False
Is 16788817 prime?
False
Is 58024805 prime?
False
Is 23389279 a prime number?
True
Is 66409879 a composite number?
False
Is 1059707 composite?
True
Is 63792182 a composite number?
True
Is 8055779 composite?
False
Is 25379729 a prime number?
True
Is 37573139 prime?
False
Is 22868551 prime?
True
Is 11697761 a prime number?
True
Is 11412227 a prime number?
False
Is 66882523 a composite number?
False
Is 11693833 a composite number?
False
Is 593939 prime?
False
Is 4112167 composite?
True
Is 1119259 a composite number?
True
Is 45766543 a prime number?
True
Is 9334781 composite?
True
Is 665125189 a composite number?
True
Is 100399 prime?
False
Is 32210671 a prime number?
False
Is 81311 a composite number?
True
Is 947581 a prime number?
False
Is 152503135 composite?
True
Is 3027259 a composite number?
True
Is 4752181 a prime number?
False
Is 2037689 a prime number?
True
Is 9673577 a prime number?
False
Is 38805971 prime?
False
Is 6177881 prime?
True
Is 28163587 composite?
False
Is 2759677 composite?
False
Is 61300607 a composite number?
True
Is 34374247 a prime number?
True
Is 31518581 prime?
False
Is 10653001 prime?
False
Is 11006223 composite?
True
Is 4919413 prime?
True
Is 80509069 a composite number?
False
Is 5360639 a prime number?
True
Is 205721279 prime?
True
Is 700199 prime?
True
Is 97447733 a prime number?
True
Is 34462861 prime?
True
Is 170485883 composite?
False
Is 15876739 composite?
True
Is 6801581 a composite number?
True
Is 30157961 prime?
True
Is 12067823 composite?
False
Is 31221457 a prime number?
True
Is 186295187 a composite number?
True
Is 84733301 prime?
True
Is 255100603 a composite number?
False
Is 2456141 a composite number?
False
Is 6453439 a prime number?
False
Is 190623971 composite?
True
Is 284308997 a composite number?
True
Is 265472059 a composite number?
False
Is 557381399 a prime number?
True
Is 2070737 a prime number?
True
Is 126393 a prime number?
False
Is 44995669 a composite number?
False
Is 48836477 prime?
False
Is 31708583 a composite number?
False
Is 15900539 a prime number?
True
Is 654954287 prime?
False
Is 5341649 a composite number?
False
Is 104409647 a prime number?
False
Is 354288409 composite?
True
Is 27569369 prime?
True
Is 1859947 a prime number?
False
Is 777739 a composite number?
True
Is 9513401 composite?
False
Is 110303669 prime?
False
Is 44851061 composite?
False
Is 2638371 prime?
False
Is 70404182 composite?
True
Is 948139 prime?
True
Is 5298053 prime?
False
Is 1959583 a composite number?
False
Is 16117531 prime?
True
Is 1833737 composite?
False
Is 272951291 composite?
False
Is 2753533 composite?
False
Is 290317 prime?
True
Is 40969729 prime?
True
Is 1244042959 a prime number?
True
Is 56731231 composite?
False
Is 322105787 composite?
False
Is 23515 composite?
True
Is 21766481 prime?
False
Is 38422759 a prime number?
False
Is 7885442 prime?
False
Is 99565 prime?
False
Is 13285726 composite?
True
Is 190807427 a composite number?
False
Is 13977181 a composite number?
False
Is 126198121 a composite number?
True
Is 5069242 a composite number?
True
Is 8988391 composite?
False
Is 270435317 prime?
True
Is 55882601 prime?
False
Is 26654441 a composite number?
True
Is 45279811 prime?
True
Is 194938561 a prime number?
True
Is 20634161 prime?
True
Is 46243883 prime?
False
Is 8827453 a prime number?
False
Is 202249603 a composite number?
True
Is 3623799 prime?
False
Is 83589091 a composite number?
True
Is 34271143 prime?
True
Is 4781411 a prime number?
True
Is 26363453 composite?
False
Is 13113671 composite?
False
Is 862183 a prime number?
False
Is 17995613 a prime number?
False
Is 22464499 a prime number?
False
Is 206003197 composite?
False
Is 85615567 prime?
True
Is 2826647 a composite number?
True
Is 203547163 a prime number?
True
Is 485749 prime?
False
Is 39196063 a prime number?
True
Is 207714407 a composite number?
False
Is 56973082 a composite number?
True
Is 118822801 composite?
True
Is 100968817 composite?
False
Is 176767057 a prime number?
False
Is 1402229 prime?
False
Is 85467191 composite?
True
Is 23552671 prime?
True
Is 233903393 prime?
False
Is 1859863 prime?
True
Is 8642177 composite?
True
Is 534215359 a composite number?
True
Is 1584019 composite?
True
Is 3141319 composite?
False
Is 4595